365.
10355
What is the remainder when 5339035 is divided by 38?
35
Calculate the remainder when 122231 is divided by 2188.
1891
Calculate the remainder when 3602516 is divided by 17.
12
Calculate the remainder when 89661 is divided by 29795.
276
Calculate the remainder when 152179 is divided by 30422.
69
Calculate the remainder when 49002 is divided by 479.
144
Calculate the remainder when 2310963 is divided by 110043.
60
Calculate the remainder when 1107087 is divided by 338.
137
Calculate the remainder when 7650340 is divided by 9296.
9028
What is the remainder when 347682 is divided by 347203?
479
Calculate the remainder when 9249262 is divided by 4624609.
44
Calculate the remainder when 68876011 is divided by 68876005.
6
Calculate the remainder when 1955171 is divided by 1444.
1439
Calculate the remainder when 122640 is divided by 3513.
3198
Calculate the remainder when 103076 is divided by 564.
428
Calculate the remainder when 875457 is divided by 2211.
2112
What is the remainder when 87122 is divided by 3451?
847
Calculate the remainder when 221920 is divided by 221816.
104
What is the remainder when 47094684 is divided by 21793?
11
What is the remainder when 36025286 is divided by 36025279?
7
Calculate the remainder when 27743562 is divided by 45706.
20
What is the remainder when 10375570 is divided by 390?
10
What is the remainder when 66858 is divided by 522?
42
Calculate the remainder when 8850063 is divided by 2212510.
23
Calculate the remainder when 3500032 is divided by 5538.
16
Calculate the remainder when 9045196 is divided by 200.
196
What is the remainder when 256856 is divided by 681?
119
Calculate the remainder when 650149 is divided by 384.
37
Calculate the remainder when 504740 is divided by 17.
10
Calculate the remainder when 9875368 is divided by 3947.
3921
What is the remainder when 11648224 is divided by 94701?
1
What is the remainder when 37706236 is divided by 51?
49
What is the remainder when 502649 is divided by 9663?
173
What is the remainder when 172483470 is divided by 57494488?
6
Calculate the remainder when 12564499 is divided by 897463.
17
Calculate the remainder when 815646848 is divided by 1234.
1230
Calculate the remainder when 119495550 is divided by 352.
350
What is the remainder when 1361094 is divided by 513?
105
What is the remainder when 158402 is divided by 281?
199
What is the remainder when 73875330 is divided by 912041?
9
Calculate the remainder when 4903719 is divided by 1634566.
21
Calculate the remainder when 3614501 is divided by 21.
2
Calculate the remainder when 30251 is divided by 894.
749
Calculate the remainder when 63548 is divided by 3018.
170
What is the remainder when 4988520 is divided by 619?
618
Calculate the remainder when 2383408 is divided by 397234.
4
Calculate the remainder when 889604 is divided by 242.
12
What is the remainder when 6028495 is divided by 25?
20
Calculate the remainder when 552383 is divided by 552302.
81
Calculate the remainder when 1782722 is divided by 979.
942
What is the remainder when 461517 is divided by 25631?
159
Calculate the remainder when 6888510 is divided by 1048.
6
What is the remainder when 359183 is divided by 472?
463
What is the remainder when 483227 is divided by 25386?
893
What is the remainder when 106594 is divided by 2182?
1858
Calculate the remainder when 3946881 is divided by 232168.
25
What is the remainder when 2545070 is divided by 1429?
21
What is the remainder when 2523726 is divided by 97056?
270
Calculate the remainder when 8005575 is divided by 222376.
39
What is the remainder when 103597 is divided by 34344?
565
Calculate the remainder when 1503107 is divided by 197.
194
What is the remainder when 9198809 is divided by 167?
115
What is the remainder when 60092 is divided by 37?
4
Calculate the remainder when 9319151 is divided by 199.
180
Calculate the remainder when 3526645 is divided by 19.
17
What is the remainder when 8458931 is divided by 2819636?
23
What is the remainder when 1551397 is divided by 15062?
11
What is the remainder when 592975 is divided by 296438?
99
Calculate the remainder when 270292 is divided by 352.
308
What is the remainder when 31243 is divided by 9771?
1930
What is the remainder when 832765 is divided by 570?
565
Calculate the remainder when 175728031 is divided by 43932007.
3
What is the remainder when 634773 is divided by 7720?
1733
What is the remainder when 1160023 is divided by 4623?
4273
Calculate the remainder when 37323821 is divided by 54.
47
Calculate the remainder when 1121283 is divided by 560639.
5
What is the remainder when 600719 is divided by 600700?
19
What is the remainder when 6106 is divided by 1874?
484
What is the remainder when 6420450 is divided by 24?
18
Calculate the remainder when 85810339 is divided by 385.
384
Calculate the remainder when 1850243 is divided by 53.
13
Calculate the remainder when 130752 is divided by 488.
456
Calculate the remainder when 6126390 is divided by 1265.
1260
Calculate the remainder when 5577767 is divided by 5577729.
38
What is the remainder when 168841438 is divided by 160?
158
Calculate the remainder when 383745 is divided by 25557.
390
What is the remainder when 8991004 is divided by 817363?
11
Calculate the remainder when 67768333 is divided by 424.
413
What is the remainder when 1890985 is divided by 610?
595
What is the remainder when 33950 is divided by 3561?
1901
What is the remainder when 2637874 is divided by 57?
28
What is the remainder when 1621819 is divided by 3975?
19
Calculate the remainder when 290959 is divided by 694.
173
Calculate the remainder when 1359581 is divided by 23.
5
Calculate the remainder when 926642 is divided by 185324.
22
Calculate the remainder when 101842085 is divided by 1395097.
4
Calculate the remainder when 260648 is divided by 86713.
509
Calculate the remainder when 3700547 is divided by 264324.
11
What is the remainder when 1203779 is divided by 80245?
104
What is the remainder when 2937765 is divided by 1097?
1096
Calculate the remainder when 288833 is divided by 78.
77
What is the remainder when 79694 is divided by 1852?
58
Calculate the remainder when 159980067 is divided by 51.
3
Calculate the remainder when 18739872 is divided by 375.
372
Calculate the remainder when 14566682 is divided by 260119.
18
Calculate the remainder when 1304851 is divided by 11.
9
Calculate the remainder when 7553099 is divided by 96.
11
Calculate the remainder when 1025832 is divided by 60342.
18
Calculate the remainder when 1882686 is divided by 376258.
1396
Calculate the remainder when 186543 is divided by 62135.
138
Calculate the remainder when 59256010 is divided by 1048.
1042
What is the remainder when 2246488 is divided by 331?
322
What is the remainder when 26399531 is divided by 26399520?
11
Calculate the remainder when 1176805 is divided by 4883.
2
What is the remainder when 910558 is divided by 6?
4
What is the remainder when 5288298 is divided by 426?
360
What is the remainder when 70854 is divided by 35342?
170
What is the remainder when 6792624 is divided by 2264204?
12
What is the remainder when 39608 is divided by 39387?
221
What is the remainder when 1311586 is divided by 219?
214
What is the remainder when 1632509 is divided by 298?
65
What is the remainder when 147839 is divided by 8194?
347
What is the remainder when 17582487 is divided by 46?
45
What is the remainder when 10327135 is divided by 325?
260
What is the remainder when 18216000 is divided by 170?
160
What is the remainder when 1365230 is divided by 59357?
19
Calculate the remainder when 5959467 is divided by 74.
25
What is the remainder when 14456789 is divided by 28?
25
Calculate the remainder when 115824538 is divided by 9652044.
10
Calculate the remainder when 19179989 is divided by 45.
44
What is the remainder when 117693214 is divided by 3437?
23
Calculate the remainder when 3055761 is divided by 3802.
2755
What is the remainder when 8680836 is divided by 3506?
3486
Calculate the remainder when 58212276 is divided by 4060.
4056
Calculate the remainder when 478527 is divided by 111.
6
What is the remainder when 50523841 is divided by 12509?
12499
Calculate the remainder when 3574809 is divided by 714930.
159
Calculate the remai